he prime factors of k?
2, 13
Suppose -5*h = -5*n - 86270, 20044 + 31723 = 3*h + 2*n. What are the prime factors of h?
5, 7, 17, 29
Suppose -4*o - 2*o = 0. Suppose o*r + 2*r + x = 105, 2*r + 4*x - 96 = 0. Let t = 97 - r. List the prime factors of t.
43
Let f(m) = m**3 - 5*m**2 - 3*m + 6. Let d be f(5). Let r(i) = -6*i + 29. Let k be r(d). Suppose -2*s = x - 0 - 14, s = 4*x - k. List the prime factors of x.
2, 5
Suppose 131 = -n + 138. Suppose n*w = -5*w + 8580. What are the prime factors of w?
5, 11, 13
Suppose 4*j + 25 = y, 4*y + 3*j - 7*j = 40. Let r = y + -84. Let n = r + 138. List the prime factors of n.
59
Let q = -70333 - -126382. List the prime factors of q.
3, 7, 17, 157
Suppose -30*k + 5*g = -34*k + 202905, -k + g + 50706 = 0. What are the prime factors of k?
3, 5, 7, 23
Let d(h) = h**2 + 5*h + 158. Let j be d(0). Suppose -j*s - 90 = -163*s. List the prime factors of s.
2, 3
Let n = -145 + 148. Suppose -5*f + 3*k - k = -1697, -n*f + 3*k + 1011 = 0. List the prime factors of f.
11, 31
Suppose -262*p + 5*h + 29145 = -257*p, 3*p + 5*h - 17447 = 0. List the prime factors of p.
2, 7, 13
Let t(y) = 14*y - 40. Let q be t(5). Let s = 192 - q. Suppose 4*h - s + 20 = -3*c, 4*h = c - 26. List the prime factors of c.
2, 3, 7
Let j be (-74*2/(-10))/(4/(-20)). Let g = j + -363. List the prime factors of (-2)/(-20)*-5*(g - -1).
2, 109
Let p = -975 - -25498. List the prime factors of p.
137, 179
List the prime factors of ((-225)/25 - 4669)/(2/(-3)).
3, 2339
Let t = 38 + -53. Let n be -11 - ((-1)/(-5) + (-42)/t). List the prime factors of (7/n)/(0 - (-3)/(-318)).
53
Let x(k) = -144*k + 48. What are the prime factors of x(-40)?
2, 3, 11
Suppose 2*u - 121216 = -2*l, 4*u - 3*l - 118028 = 124418. What are the prime factors of u?
2, 5, 11, 19, 29
Suppose 513449 + 612631 = 12*t + 84*t. What are the prime factors of t?
2, 3, 5, 17, 23
Let y(b) be the third derivative of -b**5/120 + 35*b**4/24 - b**3/2 + 10*b**2. Let t(u) be the first derivative of y(u). List the prime factors of t(28).
7
Suppose 13*c - 2071 = 10357. Suppose -4*n + 8*v = 6*v - c, 2*n - 4*v - 478 = 0. What are the prime factors of n?
239
Suppose 3*v - 21673 = -4*b, 5*b + 15166 = 5*v - 20909. What are the prime factors of v?
7219
Let w be 1/7 + 546/294. Suppose 886 = w*q - t + 3*t, 4*t - 16 = 0. What are the prime factors of q?
439
Suppose -4*c + 4*h = -2*h - 72832, -4*c = 3*h - 72886. List the prime factors of c.
18217
List the prime factors of 4 + 1/2*(43084 - 114).
3, 13, 19, 29
Let m = 84715 - 52875. What are the prime factors of m?
2, 5, 199
Suppose u = 5*s - 24 - 68, -3*s + 300 = -4*u. Let o = -67 - u. Suppose o*t + 25 - 2 = 4*b, b + t + 1 = 0. List the prime factors of b.
2
Suppose 17*a - 120418 - 14630 = 0. Suppose -a + 66860 = 44*u. List the prime factors of u.
13, 103
Let i(q) = 5 - 58*q**2 + 103*q**2 + 7*q + 84*q**2 + 73*q**2. What are the prime factors of i(-1)?
2, 5
Let o = 36 - 35. What are the prime factors of (117/(-18))/(o/(-6))?
3, 13
Let r(n) = -5221*n + 971. What are the prime factors of r(-3)?
2, 8317
Let k = -126 - -56. Let i be 62/(-10) - 14/k. What are the prime factors of (-6)/i + 5*21/3?
2, 3
Let q = -5133 + 13363. What are the prime factors of q?
2, 5, 823
Suppose -59069 = -5*o - z, 10512 = -4*o - z + 57766. List the prime factors of o.
5, 17, 139
Let y(m) = 122*m**2 - 68*m - 133. List the prime factors of y(-13).
3, 17, 419
Suppose 0 = -2*r - 2*l + 204, 0*r + 106 = r + 5*l. Suppose 0 = j - 391 - r. List the prime factors of j.
2, 3, 41
Suppose 2*o = 4*p - 0*p + 2, o = 5*p + 4. Let w be 9 + (-21)/(-14)*2/p. Suppose w*f + 609 = 1659. What are the prime factors of f?
5, 7
Let y = 1210 + 377. Let a = y - 973. List the prime factors of a.
2, 307
Suppose -6*q + 22 = 5*q. Suppose -3*o - 4*j = -1291, 409 = o - q*j - 8. List the prime factors of o.
5, 17
Suppose -3*b - 5*h + 876 = 0, 5*h = 2 - 17. Let i = 282 + b. List the prime factors of i.
3, 193
Suppose 6*d + 102000 = 16*d. Suppose -443 + d = 11*g. What are the prime factors of g?
887
Let r = -265 + 133. Let s = -43 - r. Let m = s - 53. What are the prime factors of m?
2, 3
Let v be (-4 - -7)*(7 + -3 + -3). Suppose 0 = -7*p + v*p + 4000. List the prime factors of p.
2, 5
Suppose -4*u = 3*n - 18 - 10, -2*u - 14 = -2*n. Suppose -3*p - 4065 = -n*p. List the prime factors of p.
3, 271
Suppose -5*a + 36*o - 35*o + 49 = 0, -3*o = -3. List the prime factors of (5/a)/(9/21654).
3, 401
Let v(z) = 4*z**2 + 149*z - 66. List the prime factors of v(-66).
2, 3, 11, 19
Let s = -21540 - -31019. What are the prime factors of s?
9479
Let r = -11 + 11. Let m(k) be the first derivative of -3*k**2/2 + 117*k - 86. List the prime factors of m(r).
3, 13
Let a(q) = q**3 - q + 1. Let v(h) = 3*h**3 - 13*h**2 - 37*h + 29. Let w(d) = 2*a(d) - v(d). What are the prime factors of w(15)?
2, 3
Suppose 2*f - 3300 = -8*f. Suppose -246*k = -241*k - f. What are the prime factors of k?
2, 3, 11
Let p = -5996 + 10533. List the prime factors of p.
13, 349
Suppose -c + 3*z + 14330 = 0, 4*z - 116238 + 44531 = -5*c. List the prime factors of c.
13, 1103
Suppose 596986 + 648562 = 34*s + 97*s. List the prime factors of s.
2, 2377
What are the prime factors of 14876 - (-7 - (-144)/6)?
3, 13, 127
Let l be (2/(-7))/(14/(-98)). Suppose l*z = -s + 4*s + 5, -2*z + 13 = 5*s. List the prime factors of -17*z*(-6)/12.
2, 17
Suppose -9*o = -7 - 20. List the prime factors of (-860)/(-15)*o - -7.
179
Let l = 24 - 27. Let s be (4 - 2)/1 - l. Suppose -13 = -j - 5*m + 31, s*m = -3*j + 132. What are the prime factors of j?
2, 11
Suppose -5*w + 20532 = 4*t, 4*w + 1309 = -t + 6453. List the prime factors of t.
2, 641
Let n(v) = 36*v**3 - 3*v**2 - 9*v + 91. Let q be n(11). Suppose -55*l + 29565 = -q. List the prime factors of l.
2, 701
Let n be 5440/192*(-2 + -1). Let x = n - -736. List the prime factors of x.
3, 7, 31
Let r be 24/9*(4 + 10/(-4)). Suppose r*c - 5*k = 1527, 4*k = -3*c + 1763 - 579. Let y = c - 196. What are the prime factors of y?
2, 3
Let c = -64 - -69. Suppose 600 = -3*k - 9*g + 6*g, -799 = 4*k + c*g. Let y = k + 339. What are the prime factors of y?
2, 3, 23
Let j(t) = t + 42. Let s be j(-18). Suppose -2*z + s = -0*z. List the prime factors of (-3)/z - (258/(-8) + -3).
5, 7
Suppose 5*u + 0*u = -10, 4*u = 4*a - 340. Let f = a + 411. What are the prime factors of f?
2, 13, 19
Suppose -3*v = t + 33, 0 = -5*v + 7*t - 3*t - 38. Let f be (-6094)/v - 60/(-100). Suppose -3*u - 234 = -d - d, -f = -5*d - 5*u. List the prime factors of d.
2, 3, 5
Suppose -5*b + 2*i = -152, -3*b - 6*i + 108 = -3*i. Suppose m + 77 = -b. Let l = m - -167. What are the prime factors of l?
2, 29
What are the prime factors of 2109*(-15 + 45/10)*(-4)/6?
3, 7, 19, 37
What are the prime factors of ((-1290624)/56)/(-12)*7/1?
2, 3361
Let x = -5794 - -23843. List the prime factors of x.
18049
Let n(t) be the second derivative of -t**4/12 + t**3/6 + 299*t**2 - 7*t + 8. List the prime factors of n(0).
2, 13, 23
Let y(h) = 28*h**2 - 4*h - 2. Let s be y(-1). Let n be (-3)/(-6)*22 - -1. Let u = n + s. List the prime factors of u.
2, 3, 7
Suppose -359*g = -470*g + 815628. What are the prime factors of g?
2, 11, 167
What are the prime factors of (85258/376)/(2/184)?
23, 907
Let s = 33773 + -6334. List the prime factors of s.
23, 1193
List the prime factors of (-20)/210 - 170384/(-336).
3, 13
Suppose 4*j - 4*o + o = -203, 4*o = -j - 46. Let u = 473 - j. List the prime factors of u.
523
What are the prime factors of 1/6 + 13/((-1560)/(-6311380)) - -4?
3, 89, 197
Let i(d) = 31*d**2 - 6*d - 4. Let t be i(-4). Suppose -187*m + 193*m - t = 0. What are the prime factors of m?
2, 43
Suppose 3*f - 14*f = -30448. Suppose -4*q + 470 = i, -3*q = 6*i - 5*q - f. List the prime factors of i.
2, 3, 7, 11
Let o be (1 + (-12)/8)/((-1)/12). Suppose o = 5*t + 16. What are the prime factors of 49/(2 - (-1 - t))?
7
Suppose -v = -2*z - 14, -5*z - 5*v - 17 = -3*v. What are the prime factors of z/3 + 28237/51?
2, 3, 23
Suppose 0 = -23*q + 20*q + 738. Suppose 0 = 4*r + l + 492, -3*l + 754 = -4*r + q. Let x = r - -212. What are the prime factors of x?
2, 11
Suppose 0 = -3*p - 4*c + 26, 0*p - 2*c = -3*p + 14. Suppose g + 735 = p*g. Suppose -4*w = 3*n - g, 2*w + 0*n - 4*n = 90. List the prime factors of w.
3, 13
Suppose m = -1, y - 6*y -